 divided by 20.
6
Calculate the remainder when 8165 is divided by 15.
5
Calculate the remainder when 212593 is divided by 1208.
1193
Calculate the remainder when 3669 is divided by 3665.
4
What is the remainder when 4193 is divided by 324?
305
Calculate the remainder when 557 is divided by 112.
109
What is the remainder when 2507 is divided by 408?
59
What is the remainder when 32475 is divided by 471?
447
Calculate the remainder when 28023 is divided by 95.
93
Calculate the remainder when 4561 is divided by 40.
1
Calculate the remainder when 767237 is divided by 98.
93
What is the remainder when 13566 is divided by 8?
6
What is the remainder when 892 is divided by 90?
82
What is the remainder when 46030 is divided by 165?
160
Calculate the remainder when 96469 is divided by 1724.
1649
Calculate the remainder when 248934 is divided by 348.
114
Calculate the remainder when 78701 is divided by 10.
1
What is the remainder when 61023 is divided by 15253?
11
What is the remainder when 90621 is divided by 45299?
23
Calculate the remainder when 76104 is divided by 6918.
6
Calculate the remainder when 2319 is divided by 770.
9
Calculate the remainder when 1835838 is divided by 141218.
4
Calculate the remainder when 91274 is divided by 159.
8
What is the remainder when 5458 is divided by 5457?
1
Calculate the remainder when 993210 is divided by 672.
666
What is the remainder when 3693010 is divided by 102?
100
Calculate the remainder when 1553761 is divided by 243.
19
What is the remainder when 2952 is divided by 1387?
178
What is the remainder when 5010 is divided by 420?
390
Calculate the remainder when 42721 is divided by 40.
1
What is the remainder when 104013 is divided by 394?
391
What is the remainder when 5253 is divided by 18?
15
Calculate the remainder when 52169 is divided by 30.
29
Calculate the remainder when 27833 is divided by 344.
313
What is the remainder when 15634 is divided by 2232?
10
What is the remainder when 15452 is divided by 342?
62
Calculate the remainder when 8448503 is divided by 1177.
1174
What is the remainder when 5514 is divided by 24?
18
What is the remainder when 447655 is divided by 20?
15
Calculate the remainder when 249657 is divided by 114.
111
What is the remainder when 352846 is divided by 34?
28
What is the remainder when 2096298 is divided by 50?
48
What is the remainder when 26999 is divided by 146?
135
Calculate the remainder when 76600 is divided by 22.
18
Calculate the remainder when 76433 is divided by 19.
15
What is the remainder when 37614 is divided by 83?
15
What is the remainder when 24042 is divided by 158?
26
What is the remainder when 6146 is divided by 166?
4
What is the remainder when 27816 is divided by 27814?
2
Calculate the remainder when 126637 is divided by 1005.
7
Calculate the remainder when 106190 is divided by 35.
0
Calculate the remainder when 1764 is divided by 4.
0
What is the remainder when 31337 is divided by 337?
333
What is the remainder when 18729 is divided by 18705?
24
Calculate the remainder when 3559 is divided by 869.
83
What is the remainder when 418967 is divided by 789?
8
What is the remainder when 281016 is divided by 33?
21
Calculate the remainder when 4233 is divided by 4190.
43
Calculate the remainder when 39065 is divided by 159.
110
What is the remainder when 107241 is divided by 138?
15
What is the remainder when 8259 is divided by 226?
123
Calculate the remainder when 3270121 is divided by 286.
283
What is the remainder when 62038 is divided by 90?
28
Calculate the remainder when 67145 is divided by 22379.
8
What is the remainder when 29871 is divided by 181?
6
What is the remainder when 31524 is divided by 28?
24
Calculate the remainder when 1208 is divided by 364.
116
Calculate the remainder when 213802 is divided by 28.
22
What is the remainder when 1691 is divided by 266?
95
What is the remainder when 350437 is divided by 17?
16
Calculate the remainder when 2913 is divided by 1432.
49
Calculate the remainder when 8672 is divided by 216.
32
What is the remainder when 5195 is divided by 4675?
520
Calculate the remainder when 7622 is divided by 192.
134
Calculate the remainder when 13740 is divided by 18.
6
What is the remainder when 1124678 is divided by 248?
246
Calculate the remainder when 12421 is divided by 178.
139
What is the remainder when 20650 is divided by 5161?
6
Calculate the remainder when 5785 is divided by 2630.
525
What is the remainder when 408606 is divided by 29186?
2
What is the remainder when 14827 is divided by 82?
67
Calculate the remainder when 2308786 is divided by 354.
352
What is the remainder when 6175 is divided by 3082?
11
What is the remainder when 353 is divided by 115?
8
What is the remainder when 14115 is divided by 403?
10
What is the remainder when 135446 is divided by 5416?
46
Calculate the remainder when 2529 is divided by 230.
229
Calculate the remainder when 5735 is divided by 178.
39
What is the remainder when 158815 is divided by 52936?
7
Calculate the remainder when 412997 is divided by 762.
755
Calculate the remainder when 342 is divided by 143.
56
Calculate the remainder when 89243 is divided by 89229.
14
Calculate the remainder when 34123 is divided by 66.
1
Calculate the remainder when 22550 is divided by 4505.
25
What is the remainder when 8025 is divided by 68?
1
Calculate the remainder when 4022 is divided by 33.
29
Calculate the remainder when 1403 is divided by 275.
28
What is the remainder when 134034 is divided by 9?
6
What is the remainder when 20652 is divided by 66?
60
Calculate the remainder when 24066 is divided by 113.
110
Calculate the remainder when 10510 is divided by 3019.
1453
Calculate the remainder when 1824489 is divided by 10.
9
Calculate the remainder when 8803 is divided by 71.
70
What is the remainder when 923 is divided by 339?
245
What is the remainder when 295973 is divided by 58?
57
What is the remainder when 3904 is divided by 134?
18
What is the remainder when 893254 is divided by 52?
50
What is the remainder when 144751 is divided by 872?
871
Calculate the remainder when 16502 is divided by 2717.
200
What is the remainder when 36841 is divided by 36837?
4
What is the remainder when 462322 is divided by 354?
352
What is the remainder when 4979 is divided by 268?
155
What is the remainder when 2142 is divided by 885?
372
What is the remainder when 282039 is divided by 70508?
7
What is the remainder when 247589 is divided by 82528?
5
Calculate the remainder when 4586 is divided by 31.
29
Calculate the remainder when 4805 is divided by 319.
20
Calculate the remainder when 3839 is divided by 3800.
39
Calculate the remainder when 32561 is divided by 32547.
14
What is the remainder when 18155 is divided by 80?
75
What is the remainder when 1423 is divided by 293?
251
What is the remainder when 3664 is divided by 3394?
270
What is the remainder when 2816 is divided by 2811?
5
What is the remainder when 201215 is divided by 524?
523
What is the remainder when 51711 is divided by 718?
15
Calculate the remainder when 10615 is divided by 18.
13
What is the remainder when 41723 is divided by 228?
227
Calculate the remainder when 712397 is divided by 33.
26
What is the remainder when 20203 is divided by 9?
7
Calculate the remainder when 16522 is divided by 1166.
198
Calculate the remainder when 3931 is divided by 325.
31
What is the remainder when 78399 is divided by 214?
75
What is the remainder when 781 is divided by 153?
16
Calculate the remainder when 14370 is divided by 40.
10
What is the remainder when 18320 is divided by 1425?
1220
What is the remainder when 154950 is divided by 3689?
12
What is the remainder when 484534 is divided by 104?
102
What is the remainder when 162359 is divided by 824?
31
What is the remainder when 1236 is divided by 247?
1
Calculate the remainder when 304059 is divided by 26.
15
Calculate the remainder when 939 is divided by 181.
34
What is the remainder when 103542 is divided by 103536?
6
Calculate the remainder when 255667 is divided by 24.
19
Calculate the remainder when 2673 is divided by 7.
6
Calculate the remainder when 58876 is divided by 64.
60
Calculate the remainder when 92397 is divided by 14.
11
What is the remainder when 492 is divided by 82?
0